 = r. Let n(b) = -k(b) + 2*w(b). What are the prime factors of n(-7)?
2, 5
Suppose -5*p + 4*b - 2*b + 90 = 0, b = 5*p - 90. List the prime factors of p.
2, 3
Suppose 3*j - 113 = z, -8*z + 4*z - 23 = -j. List the prime factors of j.
3, 13
Let d(q) = 5*q + 10. Let v be d(7). Suppose -5*k + v = -0*k. What are the prime factors of k?
3
Let a be 100/(-16) + (-6)/8. Let j = 11 - a. What are the prime factors of j?
2, 3
Suppose -4*m - 176 = -5*g, -2*g - m = 2*g - 145. List the prime factors of g.
2, 3
Let z(u) = 4*u. Let r be z(1). Let n be (-24)/5*(-50)/r. Suppose -d - n = -5*d. What are the prime factors of d?
3, 5
Let f = -5 + 4. Let y(a) = 3*a**2 - 2*a - 1. Let x be y(f). Suppose x*n - 31 = 5. What are the prime factors of n?
3
Let q(u) = -9 - 2*u**2 + 5*u**2 + 5*u - 2*u**2. What are the prime factors of q(-7)?
5
Suppose 5*w = o + 20, -2*w = -o - 5 - 0. Let r be ((-24)/10)/((-3)/15). Suppose r = o*y - 38. What are the prime factors of y?
2, 5
Let d(v) = -v**2 + v - 1. Let z(r) = r**3 + 7*r - 7. Let g(k) = -6*d(k) + z(k). What are the prime factors of g(-5)?
19
Let o(k) = 2*k - 17. Let q be o(9). Suppose q + 4 = r. List the prime factors of r.
5
Let l(f) be the third derivative of f**5/60 + f**4/24 - 5*f**3/3 - 2*f**2. List the prime factors of l(-7).
2
List the prime factors of 334/5 - 9/(-45).
67
What are the prime factors of (13/(-2))/(8/(-64))?
2, 13
Suppose 4*r - 4 = 0, -515 = -2*l - 4*r - r. What are the prime factors of l?
3, 5, 17
Suppose 2*r + 5*h + 14 = 3*h, h + 43 = -5*r. Let i be 0 - 3/(r/6). Suppose -i*j + 7 = 2*j + p, 5*p = -3*j - 16. What are the prime factors of j?
3
Suppose -4*x - 48 + 288 = 0. List the prime factors of x.
2, 3, 5
Let r = 13 - 7. Let v = -6 + r. Suppose v = -5*d + 25 + 25. What are the prime factors of d?
2, 5
Let c = -7 - -9. Suppose 30 = 7*x - 3*x + c*o, -3*x - 2*o + 21 = 0. What are the prime factors of x?
3
Let h(t) = -t**2 - 4*t + 7. Suppose -z + 10 = -3*z. Let n be h(z). Suppose 17 - 1 = n*u. List the prime factors of u.
2
Suppose 3 + 7 = r. Let c = 3 - r. Let b = c + 15. What are the prime factors of b?
2
Let z = 23 - 1. Suppose -2*k + k = z. Let m = k + 31. List the prime factors of m.
3
Let j be (-2*1*-2)/2. Let y = -4 + 4. Let a = j - y. What are the prime factors of a?
2
Suppose a - 8 = 2. Let o be (-8)/(-5) + 4/a. Suppose -o*z + 6 = 2. What are the prime factors of z?
2
Let q be 4/12 - (-39)/(-9). What are the prime factors of ((-32)/(-10))/(q/(-50))?
2, 5
Let i(y) be the first derivative of -y**2 - 9*y - 1. List the prime factors of i(-6).
3
Suppose 86 - 13 = -4*q + 3*s, 4*s = 12. Let f be 3 - 1 - (2 + 9). Let y = f - q. What are the prime factors of y?
7
Let g be (28/(-6))/((-6)/9). Let o = 4 + g. List the prime factors of o.
11
What are the prime factors of (13 - -2)/((-4)/(-12))?
3, 5
Let d be 7/(-9) + (-2)/9. Let a be d/(-2)*0*1. List the prime factors of (7 + -4)/(1 - a).
3
Suppose -4*l + 8*l = 44. Suppose l*g - 10 = 6*g. What are the prime factors of g?
2
Suppose 0 = -o - 5 + 87. What are the prime factors of o?
2, 41
Let m be (6/9)/(1/15). Let g = m + 22. List the prime factors of g.
2
Let a = 63 - 37. What are the prime factors of a?
2, 13
Suppose -62 - 13 = -3*l. What are the prime factors of l?
5
Let n = 44 + 9. List the prime factors of n.
53
Let z = -5 + 8. Suppose -z*w - w + 8 = 0. List the prime factors of w.
2
Suppose 3*y + 16 = y. Let f = 3 - y. List the prime factors of f.
11
Let c = 365 + -172. What are the prime factors of c?
193
Let k = 25 - 19. What are the prime factors of k?
2, 3
Let o(l) = -l**3 - 2*l**2 + 4*l - 5. Let r be o(-4). Let u = -29 - r. Let v = u - -59. What are the prime factors of v?
19
Let o = 229 + -147. What are the prime factors of o?
2, 41
What are the prime factors of (-2 + 3)*(128 - -2)?
2, 5, 13
Let v be ((-3)/(-12))/(1/4). Let d = v - -1. Suppose j - 5 = -d*u, 7 = 2*u + j + 2*j. List the prime factors of u.
2
Suppose 55 - 5 = 2*s. List the prime factors of s.
5
Suppose 554 = 2*s + 5*b - b, -5*b - 572 = -2*s. What are the prime factors of s?
281
What are the prime factors of (-276)/(-3)*(1 + (-3)/(-3))?
2, 23
Let b(g) = -g**2 + 16*g - 15. Let t(z) = z**2 - 15*z + 14. Let c(m) = -6*b(m) - 7*t(m). What are the prime factors of c(7)?
2, 3
Suppose -4*y + 5*h + 57 = 0, -y - 2*h = 4*y - 30. Let r(q) = 2*q**2 - 10*q - 4. Let d be r(y). Suppose d = -i + 5*i. List the prime factors of i.
11
Let h be (-60)/14 + 2/7. Let v be (-6)/21 - h/14. Let m = v + 3. What are the prime factors of m?
3
Let o(u) be the third derivative of -u**5/60 - 7*u**4/24 + 3*u**3/2 + u**2. List the prime factors of o(-7).
3
Let x be (1/(-3))/(2/(-12)). Suppose 0 = 5*p - 2*d - 22, -x*d = p + 3*d + 1. List the prime factors of p.
2
Let s(q) be the third derivative of -q**6/24 - q**4/24 - q**3/6 + 3*q**2. What are the prime factors of s(-1)?
5
List the prime factors of (58/4*-6)/(51/(-34)).
2, 29
Suppose -4*t - 156 = -36. Let s = t + 42. What are the prime factors of s?
2, 3
Let t = -32 - -19. Let l = -3 - t. What are the prime factors of l?
2, 5
Let u(i) = i**3 - 7*i**2 + 8*i - 10. What are the prime factors of u(7)?
2, 23
List the prime factors of ((-28)/12 + 4)*18.
2, 3, 5
Suppose -r + 6*r = -3*q - 19, r = -2*q - 1. Suppose -2*u = q*u + 8. What are the prime factors of -7*(u - 6/(-21))?
2, 3
Let f(z) be the first derivative of z**2/2 + 11*z + 6. What are the prime factors of f(8)?
19
Let w(t) = -4*t**3 + t + 1. Let m be 1/2 - (-1)/2. Let a = m - 2. List the prime factors of w(a).
2
Let a = 6 + 0. List the prime factors of a.
2, 3
Let r = 2 + 3. Let g = 6 - r. What are the prime factors of (g + -2)/(4/(-28))?
7
Suppose 0 = -6*o + 3*o - 6. What are the prime factors of (-4)/(8/(-42)) + o?
19
Let j = 31 + -22. Let k(c) = c**3 - 8*c**2 - 10*c + 9. Let i be k(j). Suppose i = 7*n - 2*n - 35. What are the prime factors of n?
7
Let s = -3 - -5. Let j(n) = 14*n + 4 + 3*n**2 - 5*n - s*n**2. What are the prime factors of j(-9)?
2
Let t = 9 - 6. List the prime factors of -15*(3 + -1 - t).
3, 5
Suppose -3*n + 288 = 5*u, 110 = 3*u + 4*n - 54. What are the prime factors of u?
2, 3, 5
Suppose 6*x - 48 = 3*x. Suppose 0 = -w - 2*g - 5, -x = w - 5*w + g. List the prime factors of 2 - (-3*w - -2).
3
Let s(w) = -w + 6*w + 7 - 4*w. What are the prime factors of s(0)?
7
Let r = 7 - 11. Let z(j) = -j**3 - 4*j**2 - 2*j + 2. What are the prime factors of z(r)?
2, 5
Let k = -10 - 7. Let b = k + 32. List the prime factors of b.
3, 5
Suppose 4*y - 61 + 1 = 0. Let s = 48 + y. Suppose 15 - s = -4*d. List the prime factors of d.
2, 3
Suppose -72 = -2*r - d, 4*d - 1 = 15. What are the prime factors of r?
2, 17
Suppose -3*i = 3*g + 27, 3*i + 2*g = -20 - 6. Let p = 4 + i. Let u(d) = 2*d**2 + 7*d + 6. What are the prime factors of u(p)?
2, 5
Let f = 24 + -16. List the prime factors of f.
2
Suppose -468 = c - 5*c - 4*w, 101 = c + 5*w. List the prime factors of c.
11
Suppose -4*v - 12 = 0, -5*v - 251 = -5*p + 64. What are the prime factors of p?
2, 3, 5
Let t be 9/6*6*3. Suppose t = -5*j - 18. Let p = j - -16. List the prime factors of p.
7
Let b be -3*8*(-2)/(-12). List the prime factors of ((-2 - b) + -17)/(-1).
3, 5
Let k(v) = 8*v**3 - v**2 - v - 1. Let b be k(-2). Let f(m) = 6*m**3 - 2*m + 1. Let w be f(-2). Let n = w - b. What are the prime factors of n?
2, 3
Let d = 2 + -11. What are the prime factors of 6*((-69)/d - 3)?
2, 7
Let t = -4 + 8. Let w = -2 + t. Suppose -4*g = -5*f + 30, -4*f + 4*g = -w*f - 24. What are the prime factors of f?
2
Let o = -4 - -12. Suppose 0 = -c + o + 21. What are the prime factors of c?
29
Let x be (18/(-15))/(2/(-15)). Let j be 3*(21/x + -2). Suppose 11 = d + j. List the prime factors of d.
2, 5
Suppose -2*t = -k + 6, -5*k = -3*t + 2*t - 3. Suppose 14*a - 30 = 9*a. What are the prime factors of a/((3/(-1))/t)?
2, 3
Let g(v) = -v**3 - v - 1. Let s be ((2*9)/(-3))/1. Let a = s + 4. What are the prime factors of g(a)?
3
Suppose -l + 1 = -2. Suppose -l*t + 14 = -22. What are the prime factors of t?
2, 3
Let h(a) = 23*a + 2. Let d be h(-2). Let t = -24 - d. Let g = t + -12. List the prime factors of g.
2
Let a be 1/(-5) + (-105)/(-25). List the prime factors of -15*-2*2/a.
3, 5
Let y = -11 + 14. Suppose 2*q - 34 = 2*w, -y*q + 41 = -0*q - w. What are the prime factors of q?
2, 3
Suppose 5*p + 0*